{"id":4760,"date":"2025-06-13T14:40:11","date_gmt":"2025-06-13T14:40:11","guid":{"rendered":"https:\/\/www.mrn.ch\/agenda\/summer-under-the-chestnut-trees\/"},"modified":"2026-02-17T16:22:11","modified_gmt":"2026-02-17T16:22:11","slug":"summer-under-the-chestnut-trees","status":"publish","type":"event","link":"https:\/\/www.mrn.ch\/en\/events\/summer-under-the-chestnut-trees\/","title":{"rendered":"Summer under the chestnut trees"},"content":{"rendered":"\n<h2 class=\"wp-block-heading\">In the heart of Roman times&#8221; workshop<\/h2>\n\n<p>Like a craftsman in ancient Nyon, make mosaics, ceramics, shields or ex-votos, and get a taste of everyday Roman life 2,000 years ago.<br\/>Family workshop from age 8. Free, no reservation required. Duration: 2 hours.  <\/p>\n<div class=\"block-buttons\">\n    <a href=\"https:\/\/etesousmarronniers.ch\/programmation\/\" class=\"btn\" target=\"_blank\" rel=\"noreferrer noopener\" >\n    Summer under the chestnut trees    <\/a>\n  <\/div>","protected":false},"featured_media":3281,"template":"","class_list":["post-4760","event","type-event","status-publish","has-post-thumbnail","hentry"],"acf":[],"yoast_head":"<!-- This site is optimized with the Yoast SEO plugin v27.4 - https:\/\/yoast.com\/product\/yoast-seo-wordpress\/ -->\n<title>Summer under the chestnut trees - RMN<\/title>\n<meta name=\"robots\" content=\"index, follow, max-snippet:-1, max-image-preview:large, max-video-preview:-1\" \/>\n<link rel=\"canonical\" href=\"https:\/\/www.mrn.ch\/en\/events\/summer-under-the-chestnut-trees\/\" \/>\n<meta property=\"og:locale\" content=\"en_US\" \/>\n<meta property=\"og:type\" content=\"article\" \/>\n<meta property=\"og:title\" content=\"Summer under the chestnut trees - RMN\" \/>\n<meta property=\"og:description\" content=\"In the heart of Roman times&#8221; workshop Like a craftsman in ancient Nyon, make mosaics, ceramics, shields or ex-votos, and get a taste of everyday Roman life 2,000 years ago.Family workshop from age 8. Free, no reservation required. Duration: 2 hours.\" \/>\n<meta property=\"og:url\" content=\"https:\/\/www.mrn.ch\/en\/events\/summer-under-the-chestnut-trees\/\" \/>\n<meta property=\"og:site_name\" content=\"RMN\" \/>\n<meta property=\"article:publisher\" content=\"https:\/\/www.facebook.com\/museeromaindenyon\/\" \/>\n<meta property=\"article:modified_time\" content=\"2026-02-17T16:22:11+00:00\" \/>\n<meta property=\"og:image\" content=\"https:\/\/www.mrn.ch\/wp-content\/uploads\/2024\/06\/MuseeRomain-scaled.jpg\" \/>\n\t<meta property=\"og:image:width\" content=\"2560\" \/>\n\t<meta property=\"og:image:height\" content=\"1920\" \/>\n\t<meta property=\"og:image:type\" content=\"image\/jpeg\" \/>\n<meta name=\"twitter:card\" content=\"summary_large_image\" \/>\n<script type=\"application\/ld+json\" class=\"yoast-schema-graph\">{\"@context\":\"https:\\\/\\\/schema.org\",\"@graph\":[{\"@type\":\"WebPage\",\"@id\":\"https:\\\/\\\/www.mrn.ch\\\/en\\\/events\\\/summer-under-the-chestnut-trees\\\/\",\"url\":\"https:\\\/\\\/www.mrn.ch\\\/en\\\/events\\\/summer-under-the-chestnut-trees\\\/\",\"name\":\"Summer under the chestnut trees - RMN\",\"isPartOf\":{\"@id\":\"https:\\\/\\\/www.mrn.ch\\\/#website\"},\"primaryImageOfPage\":{\"@id\":\"https:\\\/\\\/www.mrn.ch\\\/en\\\/events\\\/summer-under-the-chestnut-trees\\\/#primaryimage\"},\"image\":{\"@id\":\"https:\\\/\\\/www.mrn.ch\\\/en\\\/events\\\/summer-under-the-chestnut-trees\\\/#primaryimage\"},\"thumbnailUrl\":\"https:\\\/\\\/www.mrn.ch\\\/wp-content\\\/uploads\\\/2024\\\/06\\\/MuseeRomain-scaled.jpg\",\"datePublished\":\"2025-06-13T14:40:11+00:00\",\"dateModified\":\"2026-02-17T16:22:11+00:00\",\"breadcrumb\":{\"@id\":\"https:\\\/\\\/www.mrn.ch\\\/en\\\/events\\\/summer-under-the-chestnut-trees\\\/#breadcrumb\"},\"inLanguage\":\"en-US\",\"potentialAction\":[{\"@type\":\"ReadAction\",\"target\":[\"https:\\\/\\\/www.mrn.ch\\\/en\\\/events\\\/summer-under-the-chestnut-trees\\\/\"]}]},{\"@type\":\"ImageObject\",\"inLanguage\":\"en-US\",\"@id\":\"https:\\\/\\\/www.mrn.ch\\\/en\\\/events\\\/summer-under-the-chestnut-trees\\\/#primaryimage\",\"url\":\"https:\\\/\\\/www.mrn.ch\\\/wp-content\\\/uploads\\\/2024\\\/06\\\/MuseeRomain-scaled.jpg\",\"contentUrl\":\"https:\\\/\\\/www.mrn.ch\\\/wp-content\\\/uploads\\\/2024\\\/06\\\/MuseeRomain-scaled.jpg\",\"width\":2560,\"height\":1920,\"caption\":\"Atelier mosa\u00efque MRN_Un \u00e9t\u00e9 sous les marronniers\"},{\"@type\":\"BreadcrumbList\",\"@id\":\"https:\\\/\\\/www.mrn.ch\\\/en\\\/events\\\/summer-under-the-chestnut-trees\\\/#breadcrumb\",\"itemListElement\":[{\"@type\":\"ListItem\",\"position\":1,\"name\":\"Accueil\",\"item\":\"https:\\\/\\\/www.mrn.ch\\\/en\\\/\"},{\"@type\":\"ListItem\",\"position\":2,\"name\":\"Summer under the chestnut trees\"}]},{\"@type\":\"WebSite\",\"@id\":\"https:\\\/\\\/www.mrn.ch\\\/#website\",\"url\":\"https:\\\/\\\/www.mrn.ch\\\/\",\"name\":\"MRN\",\"description\":\"\",\"publisher\":{\"@id\":\"https:\\\/\\\/www.mrn.ch\\\/#organization\"},\"potentialAction\":[{\"@type\":\"SearchAction\",\"target\":{\"@type\":\"EntryPoint\",\"urlTemplate\":\"https:\\\/\\\/www.mrn.ch\\\/?s={search_term_string}\"},\"query-input\":{\"@type\":\"PropertyValueSpecification\",\"valueRequired\":true,\"valueName\":\"search_term_string\"}}],\"inLanguage\":\"en-US\"},{\"@type\":\"Organization\",\"@id\":\"https:\\\/\\\/www.mrn.ch\\\/#organization\",\"name\":\"Mus\u00e9e Romain de Nyon\",\"url\":\"https:\\\/\\\/www.mrn.ch\\\/\",\"logo\":{\"@type\":\"ImageObject\",\"inLanguage\":\"en-US\",\"@id\":\"https:\\\/\\\/www.mrn.ch\\\/#\\\/schema\\\/logo\\\/image\\\/\",\"url\":\"http:\\\/\\\/www.mrn.ch\\\/wp-content\\\/uploads\\\/2023\\\/06\\\/ROMAIN-NYON-LOGO1-NOIR-1.png\",\"contentUrl\":\"http:\\\/\\\/www.mrn.ch\\\/wp-content\\\/uploads\\\/2023\\\/06\\\/ROMAIN-NYON-LOGO1-NOIR-1.png\",\"width\":664,\"height\":276,\"caption\":\"Mus\u00e9e Romain de Nyon\"},\"image\":{\"@id\":\"https:\\\/\\\/www.mrn.ch\\\/#\\\/schema\\\/logo\\\/image\\\/\"},\"sameAs\":[\"https:\\\/\\\/www.facebook.com\\\/museeromaindenyon\\\/\",\"https:\\\/\\\/www.instagram.com\\\/musee_romain_nyon\\\/\"]}]}<\/script>\n<!-- \/ Yoast SEO plugin. -->","yoast_head_json":{"title":"Summer under the chestnut trees - RMN","robots":{"index":"index","follow":"follow","max-snippet":"max-snippet:-1","max-image-preview":"max-image-preview:large","max-video-preview":"max-video-preview:-1"},"canonical":"https:\/\/www.mrn.ch\/en\/events\/summer-under-the-chestnut-trees\/","og_locale":"en_US","og_type":"article","og_title":"Summer under the chestnut trees - RMN","og_description":"In the heart of Roman times&#8221; workshop Like a craftsman in ancient Nyon, make mosaics, ceramics, shields or ex-votos, and get a taste of everyday Roman life 2,000 years ago.Family workshop from age 8. Free, no reservation required. Duration: 2 hours.","og_url":"https:\/\/www.mrn.ch\/en\/events\/summer-under-the-chestnut-trees\/","og_site_name":"RMN","article_publisher":"https:\/\/www.facebook.com\/museeromaindenyon\/","article_modified_time":"2026-02-17T16:22:11+00:00","og_image":[{"width":2560,"height":1920,"url":"https:\/\/www.mrn.ch\/wp-content\/uploads\/2024\/06\/MuseeRomain-scaled.jpg","type":"image\/jpeg"}],"twitter_card":"summary_large_image","schema":{"@context":"https:\/\/schema.org","@graph":[{"@type":"WebPage","@id":"https:\/\/www.mrn.ch\/en\/events\/summer-under-the-chestnut-trees\/","url":"https:\/\/www.mrn.ch\/en\/events\/summer-under-the-chestnut-trees\/","name":"Summer under the chestnut trees - RMN","isPartOf":{"@id":"https:\/\/www.mrn.ch\/#website"},"primaryImageOfPage":{"@id":"https:\/\/www.mrn.ch\/en\/events\/summer-under-the-chestnut-trees\/#primaryimage"},"image":{"@id":"https:\/\/www.mrn.ch\/en\/events\/summer-under-the-chestnut-trees\/#primaryimage"},"thumbnailUrl":"https:\/\/www.mrn.ch\/wp-content\/uploads\/2024\/06\/MuseeRomain-scaled.jpg","datePublished":"2025-06-13T14:40:11+00:00","dateModified":"2026-02-17T16:22:11+00:00","breadcrumb":{"@id":"https:\/\/www.mrn.ch\/en\/events\/summer-under-the-chestnut-trees\/#breadcrumb"},"inLanguage":"en-US","potentialAction":[{"@type":"ReadAction","target":["https:\/\/www.mrn.ch\/en\/events\/summer-under-the-chestnut-trees\/"]}]},{"@type":"ImageObject","inLanguage":"en-US","@id":"https:\/\/www.mrn.ch\/en\/events\/summer-under-the-chestnut-trees\/#primaryimage","url":"https:\/\/www.mrn.ch\/wp-content\/uploads\/2024\/06\/MuseeRomain-scaled.jpg","contentUrl":"https:\/\/www.mrn.ch\/wp-content\/uploads\/2024\/06\/MuseeRomain-scaled.jpg","width":2560,"height":1920,"caption":"Atelier mosa\u00efque MRN_Un \u00e9t\u00e9 sous les marronniers"},{"@type":"BreadcrumbList","@id":"https:\/\/www.mrn.ch\/en\/events\/summer-under-the-chestnut-trees\/#breadcrumb","itemListElement":[{"@type":"ListItem","position":1,"name":"Accueil","item":"https:\/\/www.mrn.ch\/en\/"},{"@type":"ListItem","position":2,"name":"Summer under the chestnut trees"}]},{"@type":"WebSite","@id":"https:\/\/www.mrn.ch\/#website","url":"https:\/\/www.mrn.ch\/","name":"MRN","description":"","publisher":{"@id":"https:\/\/www.mrn.ch\/#organization"},"potentialAction":[{"@type":"SearchAction","target":{"@type":"EntryPoint","urlTemplate":"https:\/\/www.mrn.ch\/?s={search_term_string}"},"query-input":{"@type":"PropertyValueSpecification","valueRequired":true,"valueName":"search_term_string"}}],"inLanguage":"en-US"},{"@type":"Organization","@id":"https:\/\/www.mrn.ch\/#organization","name":"Mus\u00e9e Romain de Nyon","url":"https:\/\/www.mrn.ch\/","logo":{"@type":"ImageObject","inLanguage":"en-US","@id":"https:\/\/www.mrn.ch\/#\/schema\/logo\/image\/","url":"http:\/\/www.mrn.ch\/wp-content\/uploads\/2023\/06\/ROMAIN-NYON-LOGO1-NOIR-1.png","contentUrl":"http:\/\/www.mrn.ch\/wp-content\/uploads\/2023\/06\/ROMAIN-NYON-LOGO1-NOIR-1.png","width":664,"height":276,"caption":"Mus\u00e9e Romain de Nyon"},"image":{"@id":"https:\/\/www.mrn.ch\/#\/schema\/logo\/image\/"},"sameAs":["https:\/\/www.facebook.com\/museeromaindenyon\/","https:\/\/www.instagram.com\/musee_romain_nyon\/"]}]}},"_links":{"self":[{"href":"https:\/\/www.mrn.ch\/en\/wp-json\/wp\/v2\/event\/4760","targetHints":{"allow":["GET"]}}],"collection":[{"href":"https:\/\/www.mrn.ch\/en\/wp-json\/wp\/v2\/event"}],"about":[{"href":"https:\/\/www.mrn.ch\/en\/wp-json\/wp\/v2\/types\/event"}],"wp:featuredmedia":[{"embeddable":true,"href":"https:\/\/www.mrn.ch\/en\/wp-json\/wp\/v2\/media\/3281"}],"wp:attachment":[{"href":"https:\/\/www.mrn.ch\/en\/wp-json\/wp\/v2\/media?parent=4760"}],"curies":[{"name":"wp","href":"https:\/\/api.w.org\/{rel}","templated":true}]}}

<!-- This site is optimized with the Yoast SEO plugin v27.4 - https://yoast.com/product/yoast-seo-wordpress/ -->
<title>Summer under the chestnut trees - RMN</title>
<meta name="robots" content="index, follow, max-snippet:-1, max-image-preview:large, max-video-preview:-1" />
<link rel="canonical" href="https://www.mrn.ch/en/events/summer-under-the-chestnut-trees/" />
<meta property="og:locale" content="en_US" />
<meta property="og:type" content="article" />
<meta property="og:title" content="Summer under the chestnut trees - RMN" />
<meta property="og:description" content="In the heart of Roman times&#8221; workshop Like a craftsman in ancient Nyon, make mosaics, ceramics, shields or ex-votos, and get a taste of everyday Roman life 2,000 years ago.Family workshop from age 8. Free, no reservation required. Duration: 2 hours." />
<meta property="og:url" content="https://www.mrn.ch/en/events/summer-under-the-chestnut-trees/" />
<meta property="og:site_name" content="RMN" />
<meta property="article:publisher" content="https://www.facebook.com/museeromaindenyon/" />
<meta property="article:modified_time" content="2026-02-17T16:22:11+00:00" />
<meta property="og:image" content="https://www.mrn.ch/wp-content/uploads/2024/06/MuseeRomain-scaled.jpg" />
	<meta property="og:image:width" content="2560" />
	<meta property="og:image:height" content="1920" />
	<meta property="og:image:type" content="image/jpeg" />
<meta name="twitter:card" content="summary_large_image" />
<script type="application/ld+json" class="yoast-schema-graph">{"@context":"https:\/\/schema.org","@graph":[{"@type":"WebPage","@id":"https:\/\/www.mrn.ch\/en\/events\/summer-under-the-chestnut-trees\/","url":"https:\/\/www.mrn.ch\/en\/events\/summer-under-the-chestnut-trees\/","name":"Summer under the chestnut trees - RMN","isPartOf":{"@id":"https:\/\/www.mrn.ch\/#website"},"primaryImageOfPage":{"@id":"https:\/\/www.mrn.ch\/en\/events\/summer-under-the-chestnut-trees\/#primaryimage"},"image":{"@id":"https:\/\/www.mrn.ch\/en\/events\/summer-under-the-chestnut-trees\/#primaryimage"},"thumbnailUrl":"https:\/\/www.mrn.ch\/wp-content\/uploads\/2024\/06\/MuseeRomain-scaled.jpg","datePublished":"2025-06-13T14:40:11+00:00","dateModified":"2026-02-17T16:22:11+00:00","breadcrumb":{"@id":"https:\/\/www.mrn.ch\/en\/events\/summer-under-the-chestnut-trees\/#breadcrumb"},"inLanguage":"en-US","potentialAction":[{"@type":"ReadAction","target":["https:\/\/www.mrn.ch\/en\/events\/summer-under-the-chestnut-trees\/"]}]},{"@type":"ImageObject","inLanguage":"en-US","@id":"https:\/\/www.mrn.ch\/en\/events\/summer-under-the-chestnut-trees\/#primaryimage","url":"https:\/\/www.mrn.ch\/wp-content\/uploads\/2024\/06\/MuseeRomain-scaled.jpg","contentUrl":"https:\/\/www.mrn.ch\/wp-content\/uploads\/2024\/06\/MuseeRomain-scaled.jpg","width":2560,"height":1920,"caption":"Atelier mosaïque MRN_Un été sous les marronniers"},{"@type":"BreadcrumbList","@id":"https:\/\/www.mrn.ch\/en\/events\/summer-under-the-chestnut-trees\/#breadcrumb","itemListElement":[{"@type":"ListItem","position":1,"name":"Accueil","item":"https:\/\/www.mrn.ch\/en\/"},{"@type":"ListItem","position":2,"name":"Summer under the chestnut trees"}]},{"@type":"WebSite","@id":"https:\/\/www.mrn.ch\/#website","url":"https:\/\/www.mrn.ch\/","name":"MRN","description":"","publisher":{"@id":"https:\/\/www.mrn.ch\/#organization"},"potentialAction":[{"@type":"SearchAction","target":{"@type":"EntryPoint","urlTemplate":"https:\/\/www.mrn.ch\/?s={search_term_string}"},"query-input":{"@type":"PropertyValueSpecification","valueRequired":true,"valueName":"search_term_string"}}],"inLanguage":"en-US"},{"@type":"Organization","@id":"https:\/\/www.mrn.ch\/#organization","name":"Musée Romain de Nyon","url":"https:\/\/www.mrn.ch\/","logo":{"@type":"ImageObject","inLanguage":"en-US","@id":"https:\/\/www.mrn.ch\/#\/schema\/logo\/image\/","url":"http:\/\/www.mrn.ch\/wp-content\/uploads\/2023\/06\/ROMAIN-NYON-LOGO1-NOIR-1.png","contentUrl":"http:\/\/www.mrn.ch\/wp-content\/uploads\/2023\/06\/ROMAIN-NYON-LOGO1-NOIR-1.png","width":664,"height":276,"caption":"Musée Romain de Nyon"},"image":{"@id":"https:\/\/www.mrn.ch\/#\/schema\/logo\/image\/"},"sameAs":["https:\/\/www.facebook.com\/museeromaindenyon\/","https:\/\/www.instagram.com\/musee_romain_nyon\/"]}]}</script>
<!-- / Yoast SEO plugin. -->

Atelier mosaïque MRN_Un été sous les marronniers

Musée Romain de Nyon
